{"id":2587,"date":"2023-03-22T09:43:13","date_gmt":"2023-03-22T08:43:13","guid":{"rendered":"https:\/\/www.lemonde-dici.com\/?page_id=2587"},"modified":"2023-11-16T15:50:30","modified_gmt":"2023-11-16T14:50:30","slug":"atelier-chemin-multisensoriel","status":"publish","type":"page","link":"https:\/\/www.lemonde-dici.com\/index.php\/atelier-chemin-multisensoriel\/","title":{"rendered":"Atelier Chemin Multisensoriel"},"content":{"rendered":"<div id=\"pl-2587\"  class=\"panel-layout\" ><div id=\"pg-2587-0\"  class=\"panel-grid panel-has-style\" ><div class=\"panel-row-style panel-row-style-for-2587-0\" ><div id=\"pgc-2587-0-0\"  class=\"panel-grid-cell\" ><div id=\"panel-2587-0-0-0\" class=\"so-panel widget widget_sow-editor panel-first-child panel-last-child\" data-index=\"0\" ><div\n\t\t\t\n\t\t\tclass=\"so-widget-sow-editor so-widget-sow-editor-base\"\n\t\t\t\n\t\t>\n<div class=\"siteorigin-widget-tinymce textwidget\">\n\t<h1 style=\"text-align: center;\">Atelier Chemin Multisensoriel<\/h1>\n<\/div>\n<\/div><\/div><\/div><\/div><\/div><div id=\"pg-2587-1\"  class=\"panel-grid panel-has-style\" ><div class=\"panel-row-style panel-row-style-for-2587-1\" ><div id=\"pgc-2587-1-0\"  class=\"panel-grid-cell\" ><div id=\"panel-2587-1-0-0\" class=\"so-panel widget widget_sow-editor panel-first-child\" data-index=\"1\" ><div\n\t\t\t\n\t\t\tclass=\"so-widget-sow-editor so-widget-sow-editor-base\"\n\t\t\t\n\t\t>\n<div class=\"siteorigin-widget-tinymce textwidget\">\n\t<h2><b class=\"\">Envie de vous offrir un moment magique hors du temps ?\u00a0<\/b><\/h2>\n<\/div>\n<\/div><\/div><div id=\"panel-2587-1-0-1\" class=\"so-panel widget widget_sow-editor\" data-index=\"2\" ><div\n\t\t\t\n\t\t\tclass=\"so-widget-sow-editor so-widget-sow-editor-base\"\n\t\t\t\n\t\t>\n<div class=\"siteorigin-widget-tinymce textwidget\">\n\t<p>Dans un lieu apaisant, Karine et Val\u00e9rie vous accueillent pour une escapade \u00e9tonnante propice \u00e0 la d\u00e9tente et au bien-\u00eatre.<\/p>\n<p>L\u2019atelier \u00ab\u00a0Chemin Multisensoriel\u00a0\u00bb est une invitation au voyage. Laissez-vous guider \u00e0 travers vos cinq sens, \u00e0 l\u2019\u00e9coute de vos ressentis et de vos \u00e9motions.<\/p>\n<p>&nbsp;<\/p>\n<p>Quelles d\u00e9couvertes vous attendent lors de cette exploration ?<\/p>\n<p>&nbsp;<\/p>\n<p>Un moment unique, id\u00e9al pour les personnes en qu\u00eate de l\u00e2chez prise et de reconnexion \u00e0 soi. Un chouette moment \u00e0 partager \u00e9galement entre ami(e)s !<\/p>\n<p>&nbsp;<\/p>\n<p>&nbsp;<\/p>\n<p><span class=\"\">\ud83d\udc49<\/span> <strong>Jeudi 6 avril 2023 \u00e0 18h30<br \/>\n<\/strong><\/p>\n<p>Atelier de 75 min<\/p>\n<p>35\u20ac \/ personne<\/p>\n<p>Au salon bien-\u00eatre Le Monde d\u2019ici : 27 Les Balu\u00e8res - 49610 Soulaines-sur-Aubance<\/p>\n<p>&nbsp;<\/p>\n<p>&nbsp;<\/p>\n<p><span class=\"\">\ud83d\udc49<\/span> Les intervenantes<\/p>\n<p>Karine Fernandes : coach et th\u00e9rapeute - <a href=\"http:\/\/www.almes.fr\" target=\"_blank\" rel=\"noopener\">www.almes.fr<\/a><\/p>\n<p>Val\u00e9rie Delahousse : cr\u00e9atrice bien-\u00eatre multisensorielle<\/p>\n<p>&nbsp;<\/p>\n<p>&nbsp;<\/p>\n<\/div>\n<\/div><\/div><div id=\"panel-2587-1-0-2\" class=\"so-panel widget widget_sow-editor\" data-index=\"3\" ><div\n\t\t\t\n\t\t\tclass=\"so-widget-sow-editor so-widget-sow-editor-base\"\n\t\t\t\n\t\t>\n<div class=\"siteorigin-widget-tinymce textwidget\">\n\t<h2>Comment r\u00e9server ?<\/h2>\n<\/div>\n<\/div><\/div><div id=\"panel-2587-1-0-3\" class=\"so-panel widget widget_sow-editor panel-last-child\" data-index=\"4\" ><div\n\t\t\t\n\t\t\tclass=\"so-widget-sow-editor so-widget-sow-editor-base\"\n\t\t\t\n\t\t>\n<div class=\"siteorigin-widget-tinymce textwidget\">\n\t<p>Par t\u00e9l\u00e9phone : 06 85 34 54 76<br \/>\nPar mail : vdelahousse@lemonde-dici.com ou <a href=\"https:\/\/www.lemonde-dici.com\/index.php\/contact\/\" target=\"_blank\" rel=\"noopener\">via le formulaire de contact<\/a><\/p>\n<p>&nbsp;<\/p>\n<\/div>\n<\/div><\/div><\/div><div id=\"pgc-2587-1-1\"  class=\"panel-grid-cell\" ><div id=\"panel-2587-1-1-0\" class=\"so-panel widget widget_sow-image panel-first-child panel-last-child\" data-index=\"5\" ><div\n\t\t\t\n\t\t\tclass=\"so-widget-sow-image so-widget-sow-image-default-8b5b6f678277-2587\"\n\t\t\t\n\t\t>\n<div class=\"sow-image-container\">\n\t\t<img \n\tsrc=\"https:\/\/www.lemonde-dici.com\/wp-content\/uploads\/2023\/03\/2.png\" width=\"1000\" height=\"1000\" srcset=\"https:\/\/www.lemonde-dici.com\/wp-content\/uploads\/2023\/03\/2.png 1080w, https:\/\/www.lemonde-dici.com\/wp-content\/uploads\/2023\/03\/2-240x300.png 240w, https:\/\/www.lemonde-dici.com\/wp-content\/uploads\/2023\/03\/2-819x1024.png 819w, https:\/\/www.lemonde-dici.com\/wp-content\/uploads\/2023\/03\/2-768x960.png 768w\" sizes=\"(max-width: 800px) 100vw, 800px\" title=\"Atelier Chemin Multisensoriel\" alt=\"Atelier Chemin Multisensoriel\" \t\tclass=\"so-widget-image\"\/>\n\t<\/div>\n\n<\/div><\/div><\/div><\/div><\/div><\/div>","protected":false},"excerpt":{"rendered":"<p>Atelier Chemin Multisensoriel Envie de vous offrir un moment magique hors du temps ?\u00a0 Dans un lieu apaisant, Karine et Val\u00e9rie vous accueillent pour une escapade \u00e9tonnante propice \u00e0 la d\u00e9tente et au bien-\u00eatre. L\u2019atelier \u00ab\u00a0Chemin Multisensoriel\u00a0\u00bb est une invitation au voyage. Laissez-vous guider \u00e0 travers vos cinq sens, \u00e0 l\u2019\u00e9coute de vos ressentis et [&hellip;]<\/p>\n","protected":false},"author":2,"featured_media":0,"parent":0,"menu_order":0,"comment_status":"closed","ping_status":"closed","template":"","meta":{"_exactmetrics_skip_tracking":false,"_exactmetrics_sitenote_active":false,"_exactmetrics_sitenote_note":"","_exactmetrics_sitenote_category":0,"footnotes":""},"class_list":["post-2587","page","type-page","status-publish","hentry","post"],"yoast_head":"<!-- This site is optimized with the Yoast SEO plugin v26.4 - https:\/\/yoast.com\/wordpress\/plugins\/seo\/ -->\n<title>Atelier Chemin Multisensoriel - Le Monde d&#039;ICI<\/title>\n<meta name=\"robots\" content=\"index, follow, max-snippet:-1, max-image-preview:large, max-video-preview:-1\" \/>\n<link rel=\"canonical\" href=\"https:\/\/www.lemonde-dici.com\/index.php\/atelier-chemin-multisensoriel\/\" \/>\n<meta property=\"og:locale\" content=\"fr_FR\" \/>\n<meta property=\"og:type\" content=\"article\" \/>\n<meta property=\"og:title\" content=\"Atelier Chemin Multisensoriel - Le Monde d&#039;ICI\" \/>\n<meta property=\"og:description\" content=\"Atelier Chemin Multisensoriel Envie de vous offrir un moment magique hors du temps ?\u00a0 Dans un lieu apaisant, Karine et Val\u00e9rie vous accueillent pour une escapade \u00e9tonnante propice \u00e0 la d\u00e9tente et au bien-\u00eatre. L\u2019atelier \u00ab\u00a0Chemin Multisensoriel\u00a0\u00bb est une invitation au voyage. Laissez-vous guider \u00e0 travers vos cinq sens, \u00e0 l\u2019\u00e9coute de vos ressentis et [&hellip;]\" \/>\n<meta property=\"og:url\" content=\"https:\/\/www.lemonde-dici.com\/index.php\/atelier-chemin-multisensoriel\/\" \/>\n<meta property=\"og:site_name\" content=\"Le Monde d&#039;ICI\" \/>\n<meta property=\"article:modified_time\" content=\"2023-11-16T14:50:30+00:00\" \/>\n<meta name=\"twitter:card\" content=\"summary_large_image\" \/>\n<meta name=\"twitter:label1\" content=\"Dur\u00e9e de lecture estim\u00e9e\" \/>\n\t<meta name=\"twitter:data1\" content=\"1 minute\" \/>\n<script type=\"application\/ld+json\" class=\"yoast-schema-graph\">{\"@context\":\"https:\/\/schema.org\",\"@graph\":[{\"@type\":\"WebPage\",\"@id\":\"https:\/\/www.lemonde-dici.com\/index.php\/atelier-chemin-multisensoriel\/\",\"url\":\"https:\/\/www.lemonde-dici.com\/index.php\/atelier-chemin-multisensoriel\/\",\"name\":\"Atelier Chemin Multisensoriel - Le Monde d&#039;ICI\",\"isPartOf\":{\"@id\":\"https:\/\/www.lemonde-dici.com\/#website\"},\"datePublished\":\"2023-03-22T08:43:13+00:00\",\"dateModified\":\"2023-11-16T14:50:30+00:00\",\"breadcrumb\":{\"@id\":\"https:\/\/www.lemonde-dici.com\/index.php\/atelier-chemin-multisensoriel\/#breadcrumb\"},\"inLanguage\":\"fr-FR\",\"potentialAction\":[{\"@type\":\"ReadAction\",\"target\":[\"https:\/\/www.lemonde-dici.com\/index.php\/atelier-chemin-multisensoriel\/\"]}]},{\"@type\":\"BreadcrumbList\",\"@id\":\"https:\/\/www.lemonde-dici.com\/index.php\/atelier-chemin-multisensoriel\/#breadcrumb\",\"itemListElement\":[{\"@type\":\"ListItem\",\"position\":1,\"name\":\"Accueil\",\"item\":\"https:\/\/www.lemonde-dici.com\/\"},{\"@type\":\"ListItem\",\"position\":2,\"name\":\"Atelier Chemin Multisensoriel\"}]},{\"@type\":\"WebSite\",\"@id\":\"https:\/\/www.lemonde-dici.com\/#website\",\"url\":\"https:\/\/www.lemonde-dici.com\/\",\"name\":\"Le Monde d&#039;ICI\",\"description\":\"\",\"potentialAction\":[{\"@type\":\"SearchAction\",\"target\":{\"@type\":\"EntryPoint\",\"urlTemplate\":\"https:\/\/www.lemonde-dici.com\/?s={search_term_string}\"},\"query-input\":{\"@type\":\"PropertyValueSpecification\",\"valueRequired\":true,\"valueName\":\"search_term_string\"}}],\"inLanguage\":\"fr-FR\"}]}<\/script>\n<!-- \/ Yoast SEO plugin. -->","yoast_head_json":{"title":"Atelier Chemin Multisensoriel - Le Monde d&#039;ICI","robots":{"index":"index","follow":"follow","max-snippet":"max-snippet:-1","max-image-preview":"max-image-preview:large","max-video-preview":"max-video-preview:-1"},"canonical":"https:\/\/www.lemonde-dici.com\/index.php\/atelier-chemin-multisensoriel\/","og_locale":"fr_FR","og_type":"article","og_title":"Atelier Chemin Multisensoriel - Le Monde d&#039;ICI","og_description":"Atelier Chemin Multisensoriel Envie de vous offrir un moment magique hors du temps ?\u00a0 Dans un lieu apaisant, Karine et Val\u00e9rie vous accueillent pour une escapade \u00e9tonnante propice \u00e0 la d\u00e9tente et au bien-\u00eatre. L\u2019atelier \u00ab\u00a0Chemin Multisensoriel\u00a0\u00bb est une invitation au voyage. Laissez-vous guider \u00e0 travers vos cinq sens, \u00e0 l\u2019\u00e9coute de vos ressentis et [&hellip;]","og_url":"https:\/\/www.lemonde-dici.com\/index.php\/atelier-chemin-multisensoriel\/","og_site_name":"Le Monde d&#039;ICI","article_modified_time":"2023-11-16T14:50:30+00:00","twitter_card":"summary_large_image","twitter_misc":{"Dur\u00e9e de lecture estim\u00e9e":"1 minute"},"schema":{"@context":"https:\/\/schema.org","@graph":[{"@type":"WebPage","@id":"https:\/\/www.lemonde-dici.com\/index.php\/atelier-chemin-multisensoriel\/","url":"https:\/\/www.lemonde-dici.com\/index.php\/atelier-chemin-multisensoriel\/","name":"Atelier Chemin Multisensoriel - Le Monde d&#039;ICI","isPartOf":{"@id":"https:\/\/www.lemonde-dici.com\/#website"},"datePublished":"2023-03-22T08:43:13+00:00","dateModified":"2023-11-16T14:50:30+00:00","breadcrumb":{"@id":"https:\/\/www.lemonde-dici.com\/index.php\/atelier-chemin-multisensoriel\/#breadcrumb"},"inLanguage":"fr-FR","potentialAction":[{"@type":"ReadAction","target":["https:\/\/www.lemonde-dici.com\/index.php\/atelier-chemin-multisensoriel\/"]}]},{"@type":"BreadcrumbList","@id":"https:\/\/www.lemonde-dici.com\/index.php\/atelier-chemin-multisensoriel\/#breadcrumb","itemListElement":[{"@type":"ListItem","position":1,"name":"Accueil","item":"https:\/\/www.lemonde-dici.com\/"},{"@type":"ListItem","position":2,"name":"Atelier Chemin Multisensoriel"}]},{"@type":"WebSite","@id":"https:\/\/www.lemonde-dici.com\/#website","url":"https:\/\/www.lemonde-dici.com\/","name":"Le Monde d&#039;ICI","description":"","potentialAction":[{"@type":"SearchAction","target":{"@type":"EntryPoint","urlTemplate":"https:\/\/www.lemonde-dici.com\/?s={search_term_string}"},"query-input":{"@type":"PropertyValueSpecification","valueRequired":true,"valueName":"search_term_string"}}],"inLanguage":"fr-FR"}]}},"_links":{"self":[{"href":"https:\/\/www.lemonde-dici.com\/index.php\/wp-json\/wp\/v2\/pages\/2587","targetHints":{"allow":["GET"]}}],"collection":[{"href":"https:\/\/www.lemonde-dici.com\/index.php\/wp-json\/wp\/v2\/pages"}],"about":[{"href":"https:\/\/www.lemonde-dici.com\/index.php\/wp-json\/wp\/v2\/types\/page"}],"author":[{"embeddable":true,"href":"https:\/\/www.lemonde-dici.com\/index.php\/wp-json\/wp\/v2\/users\/2"}],"replies":[{"embeddable":true,"href":"https:\/\/www.lemonde-dici.com\/index.php\/wp-json\/wp\/v2\/comments?post=2587"}],"version-history":[{"count":19,"href":"https:\/\/www.lemonde-dici.com\/index.php\/wp-json\/wp\/v2\/pages\/2587\/revisions"}],"predecessor-version":[{"id":2600,"href":"https:\/\/www.lemonde-dici.com\/index.php\/wp-json\/wp\/v2\/pages\/2587\/revisions\/2600"}],"wp:attachment":[{"href":"https:\/\/www.lemonde-dici.com\/index.php\/wp-json\/wp\/v2\/media?parent=2587"}],"curies":[{"name":"wp","href":"https:\/\/api.w.org\/{rel}","templated":true}]}}

<div id="pl-2587"  class="panel-layout" ><div id="pg-2587-0"  class="panel-grid panel-has-style" ><div class="panel-row-style panel-row-style-for-2587-0" ><div id="pgc-2587-0-0"  class="panel-grid-cell" ><div id="panel-2587-0-0-0" class="so-panel widget widget_sow-editor panel-first-child panel-last-child" data-index="0" ><div
			
			class="so-widget-sow-editor so-widget-sow-editor-base"
			
		>
<div class="siteorigin-widget-tinymce textwidget">
	<h1 style="text-align: center;">Atelier Chemin Multisensoriel</h1>
</div>
</div></div></div></div></div><div id="pg-2587-1"  class="panel-grid panel-has-style" ><div class="panel-row-style panel-row-style-for-2587-1" ><div id="pgc-2587-1-0"  class="panel-grid-cell" ><div id="panel-2587-1-0-0" class="so-panel widget widget_sow-editor panel-first-child" data-index="1" ><div
			
			class="so-widget-sow-editor so-widget-sow-editor-base"
			
		>
<div class="siteorigin-widget-tinymce textwidget">
	<h2><b class="">Envie de vous offrir un moment magique hors du temps ? </b></h2>
</div>
</div></div><div id="panel-2587-1-0-1" class="so-panel widget widget_sow-editor" data-index="2" ><div
			
			class="so-widget-sow-editor so-widget-sow-editor-base"
			
		>
<div class="siteorigin-widget-tinymce textwidget">
	<p>Dans un lieu apaisant, Karine et Valérie vous accueillent pour une escapade étonnante propice à la détente et au bien-être.</p>
<p>L’atelier « Chemin Multisensoriel » est une invitation au voyage. Laissez-vous guider à travers vos cinq sens, à l’écoute de vos ressentis et de vos émotions.</p>
<p>&nbsp;</p>
<p>Quelles découvertes vous attendent lors de cette exploration ?</p>
<p>&nbsp;</p>
<p>Un moment unique, idéal pour les personnes en quête de lâchez prise et de reconnexion à soi. Un chouette moment à partager également entre ami(e)s !</p>
<p>&nbsp;</p>
<p>&nbsp;</p>
<p><span class="">👉</span> <strong>Jeudi 6 avril 2023 à 18h30<br />
</strong></p>
<p>Atelier de 75 min</p>
<p>35€ / personne</p>
<p>Au salon bien-être Le Monde d’ici : 27 Les Baluères - 49610 Soulaines-sur-Aubance</p>
<p>&nbsp;</p>
<p>&nbsp;</p>
<p><span class="">👉</span> Les intervenantes</p>
<p>Karine Fernandes : coach et thérapeute - <a href="http://www.almes.fr" target="_blank" rel="noopener">www.almes.fr</a></p>
<p>Valérie Delahousse : créatrice bien-être multisensorielle</p>
<p>&nbsp;</p>
<p>&nbsp;</p>
</div>
</div></div><div id="panel-2587-1-0-2" class="so-panel widget widget_sow-editor" data-index="3" ><div
			
			class="so-widget-sow-editor so-widget-sow-editor-base"
			
		>
<div class="siteorigin-widget-tinymce textwidget">
	<h2>Comment réserver ?</h2>
</div>
</div></div><div id="panel-2587-1-0-3" class="so-panel widget widget_sow-editor panel-last-child" data-index="4" ><div
			
			class="so-widget-sow-editor so-widget-sow-editor-base"
			
		>
<div class="siteorigin-widget-tinymce textwidget">
	<p>Par téléphone : 06 85 34 54 76<br />
Par mail : vdelahousse@lemonde-dici.com ou <a href="https://www.lemonde-dici.com/index.php/contact/" target="_blank" rel="noopener">via le formulaire de contact</a></p>
<p>&nbsp;</p>
</div>
</div></div></div><div id="pgc-2587-1-1"  class="panel-grid-cell" ><div id="panel-2587-1-1-0" class="so-panel widget widget_sow-image panel-first-child panel-last-child" data-index="5" ><div
			
			class="so-widget-sow-image so-widget-sow-image-default-8b5b6f678277-2587"
			
		>
<div class="sow-image-container">
		<img 
	src="https://www.lemonde-dici.com/wp-content/uploads/2023/03/2.png" width="1000" height="1000" srcset="https://www.lemonde-dici.com/wp-content/uploads/2023/03/2.png 1080w, https://www.lemonde-dici.com/wp-content/uploads/2023/03/2-240x300.png 240w, https://www.lemonde-dici.com/wp-content/uploads/2023/03/2-819x1024.png 819w, https://www.lemonde-dici.com/wp-content/uploads/2023/03/2-768x960.png 768w" sizes="(max-width: 800px) 100vw, 800px" title="Atelier Chemin Multisensoriel" alt="Atelier Chemin Multisensoriel" 		class="so-widget-image"/>
	</div>

</div></div></div></div></div></div>

<p>Atelier Chemin Multisensoriel Envie de vous offrir un moment magique hors du temps ?  Dans un lieu apaisant, Karine et Valérie vous accueillent pour une escapade étonnante propice à la détente et au bien-être. L’atelier « Chemin Multisensoriel » est une invitation au voyage. Laissez-vous guider à travers vos cinq sens, à l’écoute de vos ressentis et [&hellip;]</p>

<!-- This site is optimized with the Yoast SEO plugin v26.4 - https://yoast.com/wordpress/plugins/seo/ -->
<title>Atelier Chemin Multisensoriel - Le Monde d&#039;ICI</title>
<meta name="robots" content="index, follow, max-snippet:-1, max-image-preview:large, max-video-preview:-1" />
<link rel="canonical" href="https://www.lemonde-dici.com/index.php/atelier-chemin-multisensoriel/" />
<meta property="og:locale" content="fr_FR" />
<meta property="og:type" content="article" />
<meta property="og:title" content="Atelier Chemin Multisensoriel - Le Monde d&#039;ICI" />
<meta property="og:description" content="Atelier Chemin Multisensoriel Envie de vous offrir un moment magique hors du temps ?  Dans un lieu apaisant, Karine et Valérie vous accueillent pour une escapade étonnante propice à la détente et au bien-être. L’atelier « Chemin Multisensoriel » est une invitation au voyage. Laissez-vous guider à travers vos cinq sens, à l’écoute de vos ressentis et [&hellip;]" />
<meta property="og:url" content="https://www.lemonde-dici.com/index.php/atelier-chemin-multisensoriel/" />
<meta property="og:site_name" content="Le Monde d&#039;ICI" />
<meta property="article:modified_time" content="2023-11-16T14:50:30+00:00" />
<meta name="twitter:card" content="summary_large_image" />
<meta name="twitter:label1" content="Durée de lecture estimée" />
	<meta name="twitter:data1" content="1 minute" />
<script type="application/ld+json" class="yoast-schema-graph">{"@context":"https://schema.org","@graph":[{"@type":"WebPage","@id":"https://www.lemonde-dici.com/index.php/atelier-chemin-multisensoriel/","url":"https://www.lemonde-dici.com/index.php/atelier-chemin-multisensoriel/","name":"Atelier Chemin Multisensoriel - Le Monde d&#039;ICI","isPartOf":{"@id":"https://www.lemonde-dici.com/#website"},"datePublished":"2023-03-22T08:43:13+00:00","dateModified":"2023-11-16T14:50:30+00:00","breadcrumb":{"@id":"https://www.lemonde-dici.com/index.php/atelier-chemin-multisensoriel/#breadcrumb"},"inLanguage":"fr-FR","potentialAction":[{"@type":"ReadAction","target":["https://www.lemonde-dici.com/index.php/atelier-chemin-multisensoriel/"]}]},{"@type":"BreadcrumbList","@id":"https://www.lemonde-dici.com/index.php/atelier-chemin-multisensoriel/#breadcrumb","itemListElement":[{"@type":"ListItem","position":1,"name":"Accueil","item":"https://www.lemonde-dici.com/"},{"@type":"ListItem","position":2,"name":"Atelier Chemin Multisensoriel"}]},{"@type":"WebSite","@id":"https://www.lemonde-dici.com/#website","url":"https://www.lemonde-dici.com/","name":"Le Monde d&#039;ICI","description":"","potentialAction":[{"@type":"SearchAction","target":{"@type":"EntryPoint","urlTemplate":"https://www.lemonde-dici.com/?s={search_term_string}"},"query-input":{"@type":"PropertyValueSpecification","valueRequired":true,"valueName":"search_term_string"}}],"inLanguage":"fr-FR"}]}</script>
<!-- / Yoast SEO plugin. -->

Atelier Chemin Multisensoriel Envie de vous offrir un moment magique hors du temps ?  Dans un lieu apaisant, Karine et Valérie vous accueillent pour une escapade étonnante propice à la détente et au bien-être. L’atelier « Chemin Multisensoriel » est une invitation au voyage. Laissez-vous guider à travers vos cinq sens, à l’écoute de vos ressentis et [&hellip;]
