{"id":2355,"date":"2022-06-29T10:12:10","date_gmt":"2022-06-29T08:12:10","guid":{"rendered":"https:\/\/www.lemonde-dici.com\/?page_id=2355"},"modified":"2022-06-29T11:28:35","modified_gmt":"2022-06-29T09:28:35","slug":"conditions-generales-de-vente","status":"publish","type":"page","link":"https:\/\/www.lemonde-dici.com\/index.php\/conditions-generales-de-vente\/","title":{"rendered":"Conditions G\u00e9n\u00e9rales de Vente"},"content":{"rendered":"<div id=\"pl-2355\"  class=\"panel-layout\" ><div id=\"pg-2355-0\"  class=\"panel-grid panel-has-style\" ><div class=\"panel-row-style panel-row-style-for-2355-0\" ><div id=\"pgc-2355-0-0\"  class=\"panel-grid-cell\" ><div id=\"panel-2355-0-0-0\" class=\"so-panel widget widget_sow-editor panel-first-child panel-last-child\" data-index=\"0\" ><div\n\t\t\t\n\t\t\tclass=\"so-widget-sow-editor so-widget-sow-editor-base\"\n\t\t\t\n\t\t>\n<div class=\"siteorigin-widget-tinymce textwidget\">\n\t<h1 style=\"text-align: center;\">Conditions g\u00e9n\u00e9rales de vente<\/h1>\n<\/div>\n<\/div><\/div><\/div><\/div><\/div><div id=\"pg-2355-1\"  class=\"panel-grid panel-has-style\" ><div class=\"panel-row-style panel-row-style-for-2355-1\" ><div id=\"pgc-2355-1-0\"  class=\"panel-grid-cell\" ><div id=\"panel-2355-1-0-0\" class=\"so-panel widget widget_sow-editor panel-first-child panel-last-child\" data-index=\"1\" ><div\n\t\t\t\n\t\t\tclass=\"so-widget-sow-editor so-widget-sow-editor-base\"\n\t\t\t\n\t\t>\n<div class=\"siteorigin-widget-tinymce textwidget\">\n\t<p><strong>ARTICLE 1 \u2013 G\u00c9N\u00c9RALIT\u00c9S<\/strong><\/p>\n<p>Les pr\u00e9sentes Conditions G\u00e9n\u00e9rales de Ventes (CGV) s\u2019appliquent, sans restriction ni r\u00e9serve, \u00e0 l\u2019ensemble des prestations propos\u00e9es par la praticienne certifi\u00e9e Val\u00e9rie Delahousse, auto-entreprise d\u00e9nomm\u00e9e ci-dessous Le Monde d\u2019ici, immatricul\u00e9e sous le num\u00e9ro SIRET 510 801 343 00011, et \u00e0 l\u2019ensemble de ses clients, quel que soit leur statut ou qualit\u00e9.\u2028En cons\u00e9quence, la r\u00e9alisation d\u2019une commande par un client pour une prestation propos\u00e9e, soit directement au salon de massage situ\u00e9 au 27 Les Balu\u00e8res 49610 Soulaines-sur-Aubance, soit par t\u00e9l\u00e9phone au 06.85.34.54.76, soit sur le site internet lemonde-dici.com, implique l\u2019adh\u00e9sion de ce dernier et son acceptation, sans r\u00e9serve, aux pr\u00e9sentes CGV, sauf accord particulier pr\u00e9alablement convenu par \u00e9crit entre les parties.\u2028Le Monde d\u2019ici se r\u00e9serve le droit de modifier \u00e0 tout moment les pr\u00e9sentes CGV. Les CGV applicables \u00e0 une commande sont celles en vigueur au moment de la passation de la commande. En cas de modification, les CGV modifi\u00e9es ne seront applicables que pour les commandes pass\u00e9es suite \u00e0 la modification et non aux commandes ant\u00e9rieures.\u2028Tout autre document que les pr\u00e9sentes CGV (notamment les publicit\u00e9s, prospectus, flyers, \u2026) n\u2019a qu\u2019une valeur informative de l\u2019activit\u00e9 propos\u00e9e par Le Monde d\u2019ici et n\u2019est pas contractuel.<\/p>\n<p><strong>ARTICLE 2 \u2013 D\u00c9FINITIONS<\/strong><\/p>\n<p>Les Prestations propos\u00e9es sont celles qui figurent sur le site internet de Monde d\u2019ici (www.lemonde-dici.com) et au salon de massage, \u00e0 savoir :\u2028- Les prestations de massage bien-\u00eatre \u00e0 la s\u00e9ance ou en forfait\u2028- Les cartes cadeaux pour ces m\u00eames prestations de massages bien-\u00eatre\u2028- La r\u00e9servation pour ces prestations de massage bien-\u00eatre\u2028- Les ateliers multisensoriels\u2028\u2028Le client est la personne qui r\u00e9serve une s\u00e9ance de massage bien-\u00eatre, un atelier multisensoriel ou qui ach\u00e8te une carte-cadeau du Monde d\u2019ici.\u2028Le b\u00e9n\u00e9ficiaire est la personne qui re\u00e7oit une carte-cadeau du Monde d\u2019ici.<\/p>\n<p><strong>ARTICLE 3 \u2013 CONDITIONS DE R\u00c9ALISATION DES PRESTATIONS<\/strong><\/p>\n<p>La finalit\u00e9 de l\u2019activit\u00e9 du Monde d\u2019ici r\u00e9alis\u00e9e par Val\u00e9rie Delahousse est exclusivement le bien-\u00eatre de la personne. Conform\u00e9ment \u00e0 la l\u00e9gislation en vigueur, les massages bien-\u00eatre pratiqu\u00e9s par Val\u00e9rie Delahousse en l\u2019absence de diagnostic et de traitement th\u00e9rapeutique, ne s\u2019apparentent en rien, ni dans le contenu ni dans l\u2019objectif, \u00e0 la pratique de la Masso-Kin\u00e9sith\u00e9rapie, ainsi qu\u2019\u00e0 toute pratique m\u00e9dicale. Il s\u2019agit de techniques manuelles de bien-\u00eatre et de relaxation uniquement. Sont \u00e9galement exclues de l\u2019activit\u00e9 du Monde d\u2019ici toutes prestations \u00e0 caract\u00e8re \u00e9rotique ou sexuel. Au minimum, le port du string jetable est obligatoire, aucun massage nu ne sera r\u00e9alis\u00e9. Tout comportement d\u00e9plac\u00e9 envers Val\u00e9rie Delahousse fera l\u2019objet de poursuites judiciaires.\u2028\u2028Le Monde d\u2019ici n\u2019intervient que sur rendez-vous au salon de massage situ\u00e9 au 27 Les Balu\u00e8res 49610 Soulaines-sur-Aubance. Elle peut ponctuellement se d\u00e9placer au domicile du client, en milieu professionnel, ou dans tous lieux recevant du public (cadres \u00e9v\u00e9nementiels, salons, congr\u00e8s, \u2026) sur acceptation d\u2019un devis par le client. Dans ce cas, le client s\u2019engage \u00e0 mettre \u00e0 disposition du Monde d\u2019ici, un espace (minimum 10 m\u00b2) dont les conditions d\u2019hygi\u00e8ne, de calme et de s\u00e9curit\u00e9 sont compatibles avec la r\u00e9alisation d\u2019un massage.\u2028\u2028Les prestations sont propos\u00e9es selon les horaires indiqu\u00e9s sur la page \u00ab contact \u00bb du site internet lemonde-dici.com. Val\u00e9rie Delahousse se r\u00e9serve le droit de modifier les horaires \u00e0 tout moment.\u2028\u2028Lors des s\u00e9ances de massage bien-\u00eatre, Le Monde d\u2019ici met \u00e0 la disposition du client tout le mat\u00e9riel professionnel n\u00e9cessaire (table de massage, linge de protection, serviettes, huiles de massage, musique d\u2019accompagnement, \u2026) et se r\u00e9serve le droit de refuser une s\u00e9ance de massage bien-\u00eatre en cas d\u2019hygi\u00e8ne douteuse de la part du client et\/ou de comportement d\u00e9plac\u00e9.\u2028\u2028La s\u00e9ance commence par un \u00e9change entre Val\u00e9rie Delahousse et le client, qui permet de faire le point sur la condition et les besoins du client afin de d\u00e9terminer le massage le plus adapt\u00e9. Un temps sera laiss\u00e9 au client afin qu\u2019il puisse s\u2019installer. Le confort et la pudeur du client seront assur\u00e9s par un jeu de drap et de serviettes. \u2028\u2028\u00c0 la fin du massage, un temps sera laiss\u00e9 au client pour qu\u2019il reprenne ses esprits et qu\u2019il se rhabille. Un point sera fait sur le ressenti mutuel.\u2028\u2028Les s\u00e9ances comprennent le temps d\u2019\u00e9change, l\u2019installation, le massage bien-\u00eatre.<\/p>\n<p><strong>ARTICLE 4 \u2013 LES CONTRE-INDICATIONS AUX MASSAGES BIEN-\u00caTRE<\/strong><\/p>\n<p>Lorsqu\u2019il est pratiqu\u00e9 par un professionnel qualifi\u00e9, le massage bien-\u00eatre est en g\u00e9n\u00e9ral sans risque et plut\u00f4t b\u00e9n\u00e9fique. Cependant, en cas de maladie ou de doute, il est recommand\u00e9 au client de demander un avis m\u00e9dical. En effet, il existe des contre-indications totales, locales ou temporaires au massage, et certains traitements requi\u00e8rent des pr\u00e9cautions \u00e0 prendre par Val\u00e9rie Delahousse.\u2028Dans tous les cas, les zones pr\u00e9sentant des varices, des br\u00fblures, des plaies ouvertes ou tout signe d\u2019inflammation ou d\u2019infection locale ne seront pas mass\u00e9es.\u2028\u2028Il est n\u2019est pas recommand\u00e9 de recevoir un massage bien-\u00eatre, si vous vous trouvez dans l\u2019une ou plusieurs des situations suivantes :<br \/>\nGrossesse (sauf massage bien-\u00eatre pour femme enceinte)<br \/>\nFi\u00e8vre<br \/>\nOp\u00e9ration r\u00e9cente<br \/>\nFractures<br \/>\nDermatoses (affection de la peau et des muqueuses)<br \/>\nMaladie grave, infectieuse, \u00e9volutive<br \/>\nTroubles cardiaques, cardio-vasculaires<br \/>\nProbl\u00e8mes respiratoires<br \/>\nDiab\u00e8te<br \/>\nTroubles articulaires, tendineux, musculaires importants<br \/>\nPlaies, brulures<br \/>\nContusions<br \/>\nCrises en g\u00e9n\u00e9ral (sciatique, lumbago\u2026)<br \/>\nPhl\u00e9bites<br \/>\nOed\u00e8mes<br \/>\nInfections cutan\u00e9es, plaie, ex\u00e9ma<br \/>\nCoups de soleil<br \/>\nUn mauvais \u00e9tat de sant\u00e9 de mani\u00e8re g\u00e9n\u00e9rale<\/p>\n<p><strong>Il est important de pr\u00e9venir en cas de :<\/strong><br \/>\nProbl\u00e8mes circulatoires, varices<br \/>\nProbl\u00e8mes de peau, d\u2019irritation<br \/>\nIl est recommand\u00e9 d\u2019attendre 1 heure apr\u00e8s la fin d\u2019un repas avant d\u2019\u00eatre mass\u00e9e.<\/p>\n<p>Cancer, troubles cardiaques, toute maladie syst\u00e9mique, chronique ou auto-immune : un avis m\u00e9dical \u00e9crit pr\u00e9cisant les pr\u00e9cautions \u00e0 prendre est obligatoire.<br \/>\nEn cas de contre-indication, le client d\u00e9clare informer au pr\u00e9alable Val\u00e9rie Delahousse, soit au premier rendez-vous, soit le jour de la s\u00e9ance, pour tout changement de son \u00e9tat de sant\u00e9.\u2028En cons\u00e9quence, Val\u00e9rie Delahousse se r\u00e9serve le droit de refuser \u00e0 tout moment un client dont l\u2019\u00e9tat de sant\u00e9 ne serait pas compatible avec la r\u00e9alisation d\u2019un massage bien-\u00eatre sur sa personne sans avis m\u00e9dical pr\u00e9alable.<\/p>\n<p><strong>ARTICLE 5 \u2013 CONDITIONS FINANCI\u00c8RES<\/strong><\/p>\n<p>Les tarifs des prestations propos\u00e9es sont indiqu\u00e9s en euros sur le site lemonde-dici.com et au salon de massage situ\u00e9 au 27 Les Balu\u00e8res 49610 Soulaines-sur-Aubance. Les prix sont fermes et d\u00e9finitifs hors action promotionnelle.\u2028\u2028Le Monde d\u2019ici n\u2019est pas soumis \u00e0 la Taxe sur la Valeur Ajout\u00e9e (TVA) conform\u00e9ment \u00e0 l\u2019article 293B du Code G\u00e9n\u00e9ral des Imp\u00f4ts, les prix mentionn\u00e9s sur le site internet et au salon de massage sont donc indiqu\u00e9s sans TVA. Dans l\u2019hypoth\u00e8se o\u00f9 Le Monde d\u2019ici deviendrait assujettie \u00e0 la TVA, les tarifs affich\u00e9s sur le site seront r\u00e9ajust\u00e9s en cons\u00e9quence et applicables \u00e0 toute commande pass\u00e9e suivant la date de son assujettissement.\u2028\u2028Le Monde d\u2019ici se r\u00e9serve \u00e9galement le droit de modifier ses tarifs \u00e0 tout moment, \u00e9tant pr\u00e9cis\u00e9 que les prestations seront factur\u00e9es sur la base des tarifs en vigueur au moment de la r\u00e9servation du rendez-vous ou de l\u2019achat de la carte cadeau.<\/p>\n<p><strong>ARTICLE 6 \u2013 MODALIT\u00c9S DE PRISE DE RENDEZ-VOUS<\/strong><\/p>\n<p><strong>6.1. Prise de rendez-vous<\/strong><br \/>\nLa prise de rendez-vous s\u2019effectue sur le site internet, par courriel ou par t\u00e9l\u00e9phone. Toutes les coordonn\u00e9es n\u00e9cessaires \u00e0 la prise de rendez-vous sont disponibles sur le site internet lemonde-dici.com, notamment via le formulaire de contact.<br \/>\n<strong>6.2. Conditions de modification et d\u2019annulation d\u2019une s\u00e9ance<\/strong><br \/>\nLe client a la possibilit\u00e9 d\u2019annuler sa r\u00e9servation jusqu\u2019\u00e0 24h avant le rendez-vous par t\u00e9l\u00e9phone. Le client n\u2019a pas la possibilit\u00e9 d\u2019annuler sa r\u00e9servation dans les 24h avant le rendez-vous (sauf justificatif de cas de force majeure). La prestation sera consid\u00e9r\u00e9e comme due. Une facturation sera \u00e9mise pour toute r\u00e9servation par t\u00e9l\u00e9phone. Cette clause est \u00e9galement valable si le client ne se pr\u00e9sente pas le jour de la s\u00e9ance.<br \/>\n<strong>6.3. Paiement<\/strong><br \/>\nPour les r\u00e9servations par t\u00e9l\u00e9phone ou par mail, le paiement s\u2019effectue au salon de massage soit par esp\u00e8ces, ch\u00e8que ou virement au d\u00e9but de la s\u00e9ance.<br \/>\n<strong>6.4. Gestion des retards<\/strong><br \/>\nLa prise de rendez-vous par Le Monde d\u2019ici est r\u00e9alis\u00e9e de fa\u00e7on \u00e0 ne pas avoir de retard. Un temps est pr\u00e9vu entre chaque massage qui permet d\u2019accueillir le client suivant dans les meilleures conditions possibles.\u2028\u2028Il est demand\u00e9 au client d\u2019arriver \u00e0 l\u2019heure indiqu\u00e9e lors de la prise de rendez-vous. Si le client arrive en avance, le salon de massage ne sera peut-\u00eatre pas encore pr\u00eat, si le client arrive en retard, la s\u00e9ance sera \u00e9court\u00e9e pour ne pas faire attendre les clients suivants. Le Monde d\u2019ici se r\u00e9serve le droit de refuser un client si son retard est trop important pour permettre la r\u00e9alisation d'une s\u00e9ance de massage correcte et compl\u00e8te. La s\u00e9ance sera consid\u00e9r\u00e9e comme due.<\/p>\n<p><strong>ARTICLE 7 \u2013 ACHAT DE CARTES CADEAUX<\/strong><\/p>\n<p><strong>7.1. L\u2019achat de bons cadeaux<\/strong><br \/>\nL\u2019achat de bons cadeaux s\u2019effectue au salon de massage ou par mail, ou par t\u00e9l\u00e9phone.\u2028\u2028L\u2019achat de bons cadeaux au salon de massage se fait uniquement sur rendez-vous. Le client a le choix parmi toutes les formules pr\u00e9sentes sur la carte des massages. Une carte cadeau au format papier sera envoy\u00e9e au client. Le paiement se fera en esp\u00e8ces, par ch\u00e8que ou par virement.\u2028\u20287.2. Modalit\u00e9s des cartes-cadeaux<br \/>\nTous les bons cadeaux sont nominatifs et non cessibles.\u2028Sauf indications contraires, les bons cadeaux ont une dur\u00e9e de validit\u00e9 de 1 (un) an \u00e0 partir de la date d\u2019achat. Ils ne donnent lieu \u00e0 aucun remboursement ou extension de la dur\u00e9e de validit\u00e9, sauf dans le cas o\u00f9 Val\u00e9rie Delahousse ne pourrait pas assurer la prestation ou raison m\u00e9dicale (sur justificatif).\u2028La r\u00e9servation s\u2019effectue par courriel ou par t\u00e9l\u00e9phone.\u2028Les modalit\u00e9s de modification ou d\u2019annulation d\u2019une r\u00e9servation sont les m\u00eames que celles d\u00e9finies dans l\u2019Article 6 des pr\u00e9sentes CGV.<\/p>\n<p><strong>ARTICLE 8 \u2013 TARIFS PR\u00c9F\u00c9RENTIELS<\/strong><\/p>\n<p>Les r\u00e9ductions consenties au titre d\u2019une publicit\u00e9 s\u2019appliquent sur le tarif normal et non sur le tarif promotionnel en cours. Elles sont valables selon les conditions des offres mises en place.<\/p>\n<p><strong>ARTICLE 9 \u2013 PRESTATIONS N\u00c9CESSITANT UN DEVIS PERSONNALIS\u00c9 (entreprises, \u00e9v\u00e9nements)<\/strong><\/p>\n<p>Le devis est valable 30 (trente) jours \u00e0 partir de la date d\u2019\u00e9mission de celui-ci.\u2028\u2028Le devis et les CGV sign\u00e9s par le client valent pour accord et bon de commande. Le devis et les CGV sign\u00e9s doivent \u00eatre accompagn\u00e9s d\u2019un versement de 30 (trente) % du montant total indiqu\u00e9 sur le devis. Le versement de cet acompte se fera par ch\u00e8que ou virement bancaire.\u2028Sauf d\u00e9lai de paiement suppl\u00e9mentaire convenu par accord entre les deux parties et figurant sur la facture, le solde du paiement s\u2019effectue au comptant dans un d\u00e9lai maximal de 15 (quinze) jours ouvrables suivant la date d\u2019\u00e9mission de la facture, par ch\u00e8que ou virement bancaire. En cas de retard de paiement, une p\u00e9nalit\u00e9 fix\u00e9e \u00e0 15 (quinze) % du montant de la facture, par mois de retard entam\u00e9, est exigible sans qu\u2019un rappel ne soit n\u00e9cessaire, d\u00e8s le jour suivant la date limite de r\u00e8glement.\u2028\u2028Toute demande de report ou d\u2019annulation par le client devra parvenir au Monde d\u2019ici au moins 15 (quinze) jours ouvrables avant la date fix\u00e9e. \u00c0 d\u00e9faut, Le Monde d\u2019ici sera en droit de facturer, \u00e0 titre d\u2019indemnit\u00e9, 50 (cinquante) % du montant total de la facture, avant d\u00e9duction de l\u2019acompte per\u00e7u.\u2028\u2028Si l\u2019annulation intervient dans les 5 (cinq) jours ouvrables avant la date fix\u00e9e, Le Monde d\u2019ici, sera en droit de facturer, \u00e0 titre d\u2019indemnit\u00e9, 75 (soixante-quinze) % du montant total de la facture, avant d\u00e9duction de l\u2019acompte per\u00e7u.\u2028\u2028En cas d\u2019annulation sur place ou la veille, l\u2019indemnit\u00e9 sera de 100 (cent) % du montant de la prestation pr\u00e9vue.\u2028\u2028En cas d\u2019annulation \u00e0 l\u2019initiative du Monde d\u2019ici et si aucune date de remplacement n\u2019est convenue, celle-ci remboursera au client l\u2019acompte per\u00e7u dans un d\u00e9lai maximal de 8 (huit) jours.<\/p>\n<p><strong>ARTICLE 10 \u2013 INCAPACIT\u00c9 DE TRAVAIL<\/strong><\/p>\n<p>En cas d\u2019incapacit\u00e9 physique temporaire, par suite de maladie ou d\u2019accident de Val\u00e9rie Delahousse, Le Monde d\u2019ici se r\u00e9serve le droit de programmer de nouvelles dates d\u2019interventions en concertation avec le client sans qu\u2019il ne puisse \u00eatre exig\u00e9 par ce dernier de versement d\u2019indemnit\u00e9. En cas d\u2019incapacit\u00e9 physique permanente de la praticienne, tout type de contrat ou d\u2019engagement avec les clients du Monde d\u2019ici seront r\u00e9sili\u00e9s de plein droit sans qu\u2019il ne puisse \u00eatre r\u00e9clam\u00e9 au Monde d\u2019ici une indemnit\u00e9 compensatrice. Les acomptes per\u00e7us seront restitu\u00e9s au client dans un d\u00e9lai maximal de 8 (huit) jours suivant la r\u00e9siliation du contrat.<\/p>\n<p><strong>ARTICLE 11 \u2013 LOI APPLICABLE ET JURIDICTION COMP\u00c9TENTE<\/strong><\/p>\n<p>Les pr\u00e9sentes CGV sont soumises \u00e0 la l\u00e9gislation fran\u00e7aise. En cas de litiges, les parties s\u2019engagent \u00e0 rechercher une solution \u00e0 l\u2019amiable avant toute action judiciaire. \u00c0 d\u00e9faut, tout diff\u00e9rend survenant avec un client sera soumis \u00e0 la comp\u00e9tence exclusive des tribunaux de Paris.<\/p>\n<p><strong>ARTICLE 12 \u2013 DONN\u00c9ES PERSONNELLES<\/strong><\/p>\n<p>Voir la <a href=\"https:\/\/www.lemonde-dici.com\/index.php\/charte\/\">Charte de Confidentialit\u00e9<\/a><\/p>\n<p><strong>ARTICLE 13 \u2013 RESPONSABILIT\u00c9 CIVILE ET PROFESSIONNELLE<\/strong><\/p>\n<p>Il est pr\u00e9cis\u00e9 que la responsabilit\u00e9 de Val\u00e9rie Delahousse ne saurait \u00eatre engag\u00e9e en cas de dommages li\u00e9s \u00e0 la n\u00e9gligence d\u2019un client, en particulier s\u2019il n\u2019a pas r\u00e9v\u00e9l\u00e9 \u00e0 Val\u00e9rie Delahousse l\u2019existence de contre-indications l\u2019affectant, que ce soit lors de l\u2019entretien de la premi\u00e8re s\u00e9ance visant \u00e0 l\u2019alerter des contre-indications applicables, ou des rendez-vous ult\u00e9rieurs en cas de modifications de son \u00e9tat de sant\u00e9 personnel \u2013 Voir toutes les contre-indications \u00e0 l\u2019Article 4.<\/p>\n<p>Date d'entr\u00e9e en vigueur 30.06.22<\/p>\n<\/div>\n<\/div><\/div><\/div><\/div><\/div><div id=\"pg-2355-2\"  class=\"panel-grid panel-no-style\" ><div id=\"pgc-2355-2-0\"  class=\"panel-grid-cell panel-grid-cell-empty\" ><\/div><\/div><\/div>","protected":false},"excerpt":{"rendered":"<p>Conditions g\u00e9n\u00e9rales de vente ARTICLE 1 \u2013 G\u00c9N\u00c9RALIT\u00c9S Les pr\u00e9sentes Conditions G\u00e9n\u00e9rales de Ventes (CGV) s\u2019appliquent, sans restriction ni r\u00e9serve, \u00e0 l\u2019ensemble des prestations propos\u00e9es par la praticienne certifi\u00e9e Val\u00e9rie Delahousse, auto-entreprise d\u00e9nomm\u00e9e ci-dessous Le Monde d\u2019ici, immatricul\u00e9e sous le num\u00e9ro SIRET 510 801 343 00011, et \u00e0 l\u2019ensemble de ses clients, quel que soit [&hellip;]<\/p>\n","protected":false},"author":2,"featured_media":0,"parent":0,"menu_order":0,"comment_status":"closed","ping_status":"closed","template":"","meta":{"_exactmetrics_skip_tracking":false,"_exactmetrics_sitenote_active":false,"_exactmetrics_sitenote_note":"","_exactmetrics_sitenote_category":0,"footnotes":""},"class_list":["post-2355","page","type-page","status-publish","hentry","post"],"yoast_head":"<!-- This site is optimized with the Yoast SEO plugin v26.4 - https:\/\/yoast.com\/wordpress\/plugins\/seo\/ -->\n<title>Conditions G\u00e9n\u00e9rales de Vente - Le Monde d&#039;ICI<\/title>\n<meta name=\"robots\" content=\"index, follow, max-snippet:-1, max-image-preview:large, max-video-preview:-1\" \/>\n<link rel=\"canonical\" href=\"https:\/\/www.lemonde-dici.com\/index.php\/conditions-generales-de-vente\/\" \/>\n<meta property=\"og:locale\" content=\"fr_FR\" \/>\n<meta property=\"og:type\" content=\"article\" \/>\n<meta property=\"og:title\" content=\"Conditions G\u00e9n\u00e9rales de Vente - Le Monde d&#039;ICI\" \/>\n<meta property=\"og:description\" content=\"Conditions g\u00e9n\u00e9rales de vente ARTICLE 1 \u2013 G\u00c9N\u00c9RALIT\u00c9S Les pr\u00e9sentes Conditions G\u00e9n\u00e9rales de Ventes (CGV) s\u2019appliquent, sans restriction ni r\u00e9serve, \u00e0 l\u2019ensemble des prestations propos\u00e9es par la praticienne certifi\u00e9e Val\u00e9rie Delahousse, auto-entreprise d\u00e9nomm\u00e9e ci-dessous Le Monde d\u2019ici, immatricul\u00e9e sous le num\u00e9ro SIRET 510 801 343 00011, et \u00e0 l\u2019ensemble de ses clients, quel que soit [&hellip;]\" \/>\n<meta property=\"og:url\" content=\"https:\/\/www.lemonde-dici.com\/index.php\/conditions-generales-de-vente\/\" \/>\n<meta property=\"og:site_name\" content=\"Le Monde d&#039;ICI\" \/>\n<meta property=\"article:modified_time\" content=\"2022-06-29T09:28:35+00:00\" \/>\n<meta name=\"twitter:card\" content=\"summary_large_image\" \/>\n<meta name=\"twitter:label1\" content=\"Dur\u00e9e de lecture estim\u00e9e\" \/>\n\t<meta name=\"twitter:data1\" content=\"12 minutes\" \/>\n<script type=\"application\/ld+json\" class=\"yoast-schema-graph\">{\"@context\":\"https:\/\/schema.org\",\"@graph\":[{\"@type\":\"WebPage\",\"@id\":\"https:\/\/www.lemonde-dici.com\/index.php\/conditions-generales-de-vente\/\",\"url\":\"https:\/\/www.lemonde-dici.com\/index.php\/conditions-generales-de-vente\/\",\"name\":\"Conditions G\u00e9n\u00e9rales de Vente - Le Monde d&#039;ICI\",\"isPartOf\":{\"@id\":\"https:\/\/www.lemonde-dici.com\/#website\"},\"datePublished\":\"2022-06-29T08:12:10+00:00\",\"dateModified\":\"2022-06-29T09:28:35+00:00\",\"breadcrumb\":{\"@id\":\"https:\/\/www.lemonde-dici.com\/index.php\/conditions-generales-de-vente\/#breadcrumb\"},\"inLanguage\":\"fr-FR\",\"potentialAction\":[{\"@type\":\"ReadAction\",\"target\":[\"https:\/\/www.lemonde-dici.com\/index.php\/conditions-generales-de-vente\/\"]}]},{\"@type\":\"BreadcrumbList\",\"@id\":\"https:\/\/www.lemonde-dici.com\/index.php\/conditions-generales-de-vente\/#breadcrumb\",\"itemListElement\":[{\"@type\":\"ListItem\",\"position\":1,\"name\":\"Accueil\",\"item\":\"https:\/\/www.lemonde-dici.com\/\"},{\"@type\":\"ListItem\",\"position\":2,\"name\":\"Conditions G\u00e9n\u00e9rales de Vente\"}]},{\"@type\":\"WebSite\",\"@id\":\"https:\/\/www.lemonde-dici.com\/#website\",\"url\":\"https:\/\/www.lemonde-dici.com\/\",\"name\":\"Le Monde d&#039;ICI\",\"description\":\"\",\"potentialAction\":[{\"@type\":\"SearchAction\",\"target\":{\"@type\":\"EntryPoint\",\"urlTemplate\":\"https:\/\/www.lemonde-dici.com\/?s={search_term_string}\"},\"query-input\":{\"@type\":\"PropertyValueSpecification\",\"valueRequired\":true,\"valueName\":\"search_term_string\"}}],\"inLanguage\":\"fr-FR\"}]}<\/script>\n<!-- \/ Yoast SEO plugin. -->","yoast_head_json":{"title":"Conditions G\u00e9n\u00e9rales de Vente - Le Monde d&#039;ICI","robots":{"index":"index","follow":"follow","max-snippet":"max-snippet:-1","max-image-preview":"max-image-preview:large","max-video-preview":"max-video-preview:-1"},"canonical":"https:\/\/www.lemonde-dici.com\/index.php\/conditions-generales-de-vente\/","og_locale":"fr_FR","og_type":"article","og_title":"Conditions G\u00e9n\u00e9rales de Vente - Le Monde d&#039;ICI","og_description":"Conditions g\u00e9n\u00e9rales de vente ARTICLE 1 \u2013 G\u00c9N\u00c9RALIT\u00c9S Les pr\u00e9sentes Conditions G\u00e9n\u00e9rales de Ventes (CGV) s\u2019appliquent, sans restriction ni r\u00e9serve, \u00e0 l\u2019ensemble des prestations propos\u00e9es par la praticienne certifi\u00e9e Val\u00e9rie Delahousse, auto-entreprise d\u00e9nomm\u00e9e ci-dessous Le Monde d\u2019ici, immatricul\u00e9e sous le num\u00e9ro SIRET 510 801 343 00011, et \u00e0 l\u2019ensemble de ses clients, quel que soit [&hellip;]","og_url":"https:\/\/www.lemonde-dici.com\/index.php\/conditions-generales-de-vente\/","og_site_name":"Le Monde d&#039;ICI","article_modified_time":"2022-06-29T09:28:35+00:00","twitter_card":"summary_large_image","twitter_misc":{"Dur\u00e9e de lecture estim\u00e9e":"12 minutes"},"schema":{"@context":"https:\/\/schema.org","@graph":[{"@type":"WebPage","@id":"https:\/\/www.lemonde-dici.com\/index.php\/conditions-generales-de-vente\/","url":"https:\/\/www.lemonde-dici.com\/index.php\/conditions-generales-de-vente\/","name":"Conditions G\u00e9n\u00e9rales de Vente - Le Monde d&#039;ICI","isPartOf":{"@id":"https:\/\/www.lemonde-dici.com\/#website"},"datePublished":"2022-06-29T08:12:10+00:00","dateModified":"2022-06-29T09:28:35+00:00","breadcrumb":{"@id":"https:\/\/www.lemonde-dici.com\/index.php\/conditions-generales-de-vente\/#breadcrumb"},"inLanguage":"fr-FR","potentialAction":[{"@type":"ReadAction","target":["https:\/\/www.lemonde-dici.com\/index.php\/conditions-generales-de-vente\/"]}]},{"@type":"BreadcrumbList","@id":"https:\/\/www.lemonde-dici.com\/index.php\/conditions-generales-de-vente\/#breadcrumb","itemListElement":[{"@type":"ListItem","position":1,"name":"Accueil","item":"https:\/\/www.lemonde-dici.com\/"},{"@type":"ListItem","position":2,"name":"Conditions G\u00e9n\u00e9rales de Vente"}]},{"@type":"WebSite","@id":"https:\/\/www.lemonde-dici.com\/#website","url":"https:\/\/www.lemonde-dici.com\/","name":"Le Monde d&#039;ICI","description":"","potentialAction":[{"@type":"SearchAction","target":{"@type":"EntryPoint","urlTemplate":"https:\/\/www.lemonde-dici.com\/?s={search_term_string}"},"query-input":{"@type":"PropertyValueSpecification","valueRequired":true,"valueName":"search_term_string"}}],"inLanguage":"fr-FR"}]}},"_links":{"self":[{"href":"https:\/\/www.lemonde-dici.com\/index.php\/wp-json\/wp\/v2\/pages\/2355","targetHints":{"allow":["GET"]}}],"collection":[{"href":"https:\/\/www.lemonde-dici.com\/index.php\/wp-json\/wp\/v2\/pages"}],"about":[{"href":"https:\/\/www.lemonde-dici.com\/index.php\/wp-json\/wp\/v2\/types\/page"}],"author":[{"embeddable":true,"href":"https:\/\/www.lemonde-dici.com\/index.php\/wp-json\/wp\/v2\/users\/2"}],"replies":[{"embeddable":true,"href":"https:\/\/www.lemonde-dici.com\/index.php\/wp-json\/wp\/v2\/comments?post=2355"}],"version-history":[{"count":9,"href":"https:\/\/www.lemonde-dici.com\/index.php\/wp-json\/wp\/v2\/pages\/2355\/revisions"}],"predecessor-version":[{"id":2365,"href":"https:\/\/www.lemonde-dici.com\/index.php\/wp-json\/wp\/v2\/pages\/2355\/revisions\/2365"}],"wp:attachment":[{"href":"https:\/\/www.lemonde-dici.com\/index.php\/wp-json\/wp\/v2\/media?parent=2355"}],"curies":[{"name":"wp","href":"https:\/\/api.w.org\/{rel}","templated":true}]}}