{"id":2281,"date":"2022-05-13T16:25:22","date_gmt":"2022-05-13T14:25:22","guid":{"rendered":"https:\/\/www.lemonde-dici.com\/?page_id=2281"},"modified":"2024-01-22T13:06:44","modified_gmt":"2024-01-22T12:06:44","slug":"les-expositions","status":"publish","type":"page","link":"https:\/\/www.lemonde-dici.com\/index.php\/les-expositions\/","title":{"rendered":"Expositions"},"content":{"rendered":"<div id=\"pl-2281\"  class=\"panel-layout\" ><div id=\"pg-2281-0\"  class=\"panel-grid panel-has-style\" ><div class=\"panel-row-style panel-row-style-for-2281-0\" ><div id=\"pgc-2281-0-0\"  class=\"panel-grid-cell\" ><div id=\"panel-2281-0-0-0\" class=\"so-panel widget widget_sow-editor panel-first-child panel-last-child\" data-index=\"0\" ><div\n\t\t\t\n\t\t\tclass=\"so-widget-sow-editor so-widget-sow-editor-base\"\n\t\t\t\n\t\t>\n<div class=\"siteorigin-widget-tinymce textwidget\">\n\t<h1 style=\"text-align: center;\">Les expositions<\/h1>\n<\/div>\n<\/div><\/div><\/div><\/div><\/div><div id=\"pg-2281-1\"  class=\"panel-grid panel-has-style\" ><div class=\"panel-row-style panel-row-style-for-2281-1\" ><div id=\"pgc-2281-1-0\"  class=\"panel-grid-cell\" ><div id=\"panel-2281-1-0-0\" class=\"so-panel widget widget_sow-editor panel-first-child\" data-index=\"1\" ><div\n\t\t\t\n\t\t\tclass=\"so-widget-sow-editor so-widget-sow-editor-base\"\n\t\t\t\n\t\t>\n<div class=\"siteorigin-widget-tinymce textwidget\">\n\t<p>Sensible \u00e0 l\u2019univers artistique, c\u2019est avec grand plaisir que je vous propose de partager <strong>mes coups de c\u0153urs artistiques.<\/strong><\/p>\n<p>&nbsp;<\/p>\n<p>Le salon accueillera r\u00e9guli\u00e8rement dans l\u2019ann\u00e9e, <strong>des expositions d'\u0153uvres artistiques<\/strong>. Je souhaite vous faire conna\u00eetre des artistes locaux, des \u0153uvres, ou des univers qui me touchent et m'interpellent. Avec l'envie de vous proposer un voyage dans ces univers, le temps de votre escapade bien-\u00eatre.<\/p>\n<p>&nbsp;<\/p>\n<p>Laissez-vous transporter et repartez avec la carte de visite des artistes que vous aurez appr\u00e9ci\u00e9s ! Les \u0153uvres seront \u00e9galement en vente, ou pourront \u00eatre command\u00e9es pour prolonger le voyage jusque dans votre propre univers...<\/p>\n<p>&nbsp;<\/p>\n<\/div>\n<\/div><\/div><div id=\"panel-2281-1-0-1\" class=\"so-panel widget widget_sow-editor\" data-index=\"2\" ><div\n\t\t\t\n\t\t\tclass=\"so-widget-sow-editor so-widget-sow-editor-base\"\n\t\t\t\n\t\t>\n<div class=\"siteorigin-widget-tinymce textwidget\">\n\t<h2 style=\"text-align: left;\">St\u00e9phanie Photographie<\/h2>\n<p>Actuellement, le Monde d\u2019ici est tr\u00e8s heureux d\u2019accueillir dans son salon bien-\u00eatre les magnifiques photographies artistiques de <strong>St\u00e9phanie Photographe<\/strong>.<\/p>\n<p>&nbsp;<\/p>\n<p><strong>La po\u00e9sie et l'imaginaire sont \u00e0 l'honneur<\/strong>, dans ses \u0153uvres qui font voyager et voir le monde autrement. Jouant avec les formes, les couleurs, les textures... ces photomontages suscitent l'\u00e9motion et cr\u00e9ent de v\u00e9ritables atmosph\u00e8res.<\/p>\n<p>&nbsp;<\/p>\n<p>A d\u00e9couvrir lors de vos ateliers et escapades bien-\u00eatre, ou sur simple rendez-vous.<\/p>\n<p>&nbsp;<\/p>\n<p><strong>Exposition actuellement en cours.<br \/>\n<\/strong><\/p>\n<p>Fleure Bleue : <a href=\"https:\/\/1les-fotos-de-steph.my.canva.site\/\" target=\"_blank\" rel=\"noopener\">1les-fotos-de-steph.my.canva.site<\/a><\/p>\n<p>Facebook \/ Instagram : les_fotos_de_steph<\/p>\n<p>&nbsp;<\/p>\n<\/div>\n<\/div><\/div><div id=\"panel-2281-1-0-2\" class=\"so-panel widget widget_sow-editor panel-last-child\" data-index=\"3\" ><div\n\t\t\t\n\t\t\tclass=\"so-widget-sow-editor so-widget-sow-editor-base\"\n\t\t\t\n\t\t>\n<div class=\"siteorigin-widget-tinymce textwidget\">\n\t<h2 style=\"text-align: left;\">Fleure Bleue<\/h2>\n<p>Pr\u00e9c\u00e9demment, le Monde d\u2019ici pr\u00e9sentait les sublimes illustrations de <strong>Fleure Bleue<\/strong>. Des illustrations tr\u00e8s touchantes imagin\u00e9es par cette artiste \u00e0 l\u2019\u00e2me hypersensible.<\/p>\n<p>&nbsp;<\/p>\n<p><strong>F\u00e9minines, magiques, pleines de douceur et d\u2019amour<\/strong>, ses \u0153uvres parlent d\u2019elles-m\u00eames. Et elles nous murmurent de jolies choses au c\u0153ur.<\/p>\n<p>&nbsp;<\/p>\n<p><strong>Exposition-vente termin\u00e9e.<br \/>\n<\/strong><\/p>\n<p>Fleure Bleue : <a href=\"https:\/\/www.fleure-bleue.com\/\" target=\"_blank\" rel=\"noopener\">https:\/\/www.fleure-bleue.com\/<\/a><\/p>\n<p>Facebook \/ Instagram : fleureee.bleue<\/p>\n<p>&nbsp;<\/p>\n<\/div>\n<\/div><\/div><\/div><div id=\"pgc-2281-1-1\"  class=\"panel-grid-cell\" ><div id=\"panel-2281-1-1-0\" class=\"so-panel widget widget_sow-image panel-first-child\" data-index=\"4\" ><div\n\t\t\t\n\t\t\tclass=\"so-widget-sow-image so-widget-sow-image-default-8b5b6f678277-2281\"\n\t\t\t\n\t\t>\n<div class=\"sow-image-container\">\n\t\t<img \n\tsrc=\"https:\/\/www.lemonde-dici.com\/wp-content\/uploads\/2024\/01\/WhatsApp-Image-2024-01-22-at-13.02.25-720x380.jpeg\" width=\"720\" height=\"380\" sizes=\"(max-width: 720px) 100vw, 720px\" title=\"Un photomontage en exposition au salon bien-\u00eatre\" alt=\"Oeuvre de St\u00e9phanie Photographie\" \t\tclass=\"so-widget-image\"\/>\n\t<\/div>\n\n<\/div><\/div><div id=\"panel-2281-1-1-1\" class=\"so-panel widget widget_sow-image panel-last-child\" data-index=\"5\" ><div\n\t\t\t\n\t\t\tclass=\"so-widget-sow-image so-widget-sow-image-default-8b5b6f678277-2281\"\n\t\t\t\n\t\t>\n<div class=\"sow-image-container\">\n\t\t<img \n\tsrc=\"https:\/\/www.lemonde-dici.com\/wp-content\/uploads\/2022\/05\/fleure-bleue-04-Exposure-1-720x380.jpg\" width=\"720\" height=\"380\" sizes=\"(max-width: 720px) 100vw, 720px\" title=\"Illustration r\u00e9alis\u00e9e par Fleure Bleue\" alt=\"Illustration M\u00e8re Veilleuse\" \t\tclass=\"so-widget-image\"\/>\n\t<\/div>\n\n<\/div><\/div><\/div><\/div><\/div><\/div>","protected":false},"excerpt":{"rendered":"<p>Les expositions Sensible \u00e0 l\u2019univers artistique, c\u2019est avec grand plaisir que je vous propose de partager mes coups de c\u0153urs artistiques. &nbsp; Le salon accueillera r\u00e9guli\u00e8rement dans l\u2019ann\u00e9e, des expositions d&rsquo;\u0153uvres artistiques. Je souhaite vous faire conna\u00eetre des artistes locaux, des \u0153uvres, ou des univers qui me touchent et m&rsquo;interpellent. Avec l&rsquo;envie de vous proposer [&hellip;]<\/p>\n","protected":false},"author":2,"featured_media":0,"parent":0,"menu_order":0,"comment_status":"closed","ping_status":"closed","template":"","meta":{"_exactmetrics_skip_tracking":false,"_exactmetrics_sitenote_active":false,"_exactmetrics_sitenote_note":"","_exactmetrics_sitenote_category":0,"footnotes":""},"class_list":["post-2281","page","type-page","status-publish","hentry","post"],"yoast_head":"<!-- This site is optimized with the Yoast SEO plugin v26.4 - https:\/\/yoast.com\/wordpress\/plugins\/seo\/ -->\n<title>Expositions - Le Monde d&#039;ICI<\/title>\n<meta name=\"robots\" content=\"index, follow, max-snippet:-1, max-image-preview:large, max-video-preview:-1\" \/>\n<link rel=\"canonical\" href=\"https:\/\/www.lemonde-dici.com\/index.php\/les-expositions\/\" \/>\n<meta property=\"og:locale\" content=\"fr_FR\" \/>\n<meta property=\"og:type\" content=\"article\" \/>\n<meta property=\"og:title\" content=\"Expositions - Le Monde d&#039;ICI\" \/>\n<meta property=\"og:description\" content=\"Les expositions Sensible \u00e0 l\u2019univers artistique, c\u2019est avec grand plaisir que je vous propose de partager mes coups de c\u0153urs artistiques. &nbsp; Le salon accueillera r\u00e9guli\u00e8rement dans l\u2019ann\u00e9e, des expositions d&#039;\u0153uvres artistiques. Je souhaite vous faire conna\u00eetre des artistes locaux, des \u0153uvres, ou des univers qui me touchent et m&#039;interpellent. Avec l&#039;envie de vous proposer [&hellip;]\" \/>\n<meta property=\"og:url\" content=\"https:\/\/www.lemonde-dici.com\/index.php\/les-expositions\/\" \/>\n<meta property=\"og:site_name\" content=\"Le Monde d&#039;ICI\" \/>\n<meta property=\"article:modified_time\" content=\"2024-01-22T12:06:44+00:00\" \/>\n<meta name=\"twitter:card\" content=\"summary_large_image\" \/>\n<meta name=\"twitter:label1\" content=\"Dur\u00e9e de lecture estim\u00e9e\" \/>\n\t<meta name=\"twitter:data1\" content=\"2 minutes\" \/>\n<script type=\"application\/ld+json\" class=\"yoast-schema-graph\">{\"@context\":\"https:\/\/schema.org\",\"@graph\":[{\"@type\":\"WebPage\",\"@id\":\"https:\/\/www.lemonde-dici.com\/index.php\/les-expositions\/\",\"url\":\"https:\/\/www.lemonde-dici.com\/index.php\/les-expositions\/\",\"name\":\"Expositions - Le Monde d&#039;ICI\",\"isPartOf\":{\"@id\":\"https:\/\/www.lemonde-dici.com\/#website\"},\"datePublished\":\"2022-05-13T14:25:22+00:00\",\"dateModified\":\"2024-01-22T12:06:44+00:00\",\"breadcrumb\":{\"@id\":\"https:\/\/www.lemonde-dici.com\/index.php\/les-expositions\/#breadcrumb\"},\"inLanguage\":\"fr-FR\",\"potentialAction\":[{\"@type\":\"ReadAction\",\"target\":[\"https:\/\/www.lemonde-dici.com\/index.php\/les-expositions\/\"]}]},{\"@type\":\"BreadcrumbList\",\"@id\":\"https:\/\/www.lemonde-dici.com\/index.php\/les-expositions\/#breadcrumb\",\"itemListElement\":[{\"@type\":\"ListItem\",\"position\":1,\"name\":\"Accueil\",\"item\":\"https:\/\/www.lemonde-dici.com\/\"},{\"@type\":\"ListItem\",\"position\":2,\"name\":\"Expositions\"}]},{\"@type\":\"WebSite\",\"@id\":\"https:\/\/www.lemonde-dici.com\/#website\",\"url\":\"https:\/\/www.lemonde-dici.com\/\",\"name\":\"Le Monde d&#039;ICI\",\"description\":\"\",\"potentialAction\":[{\"@type\":\"SearchAction\",\"target\":{\"@type\":\"EntryPoint\",\"urlTemplate\":\"https:\/\/www.lemonde-dici.com\/?s={search_term_string}\"},\"query-input\":{\"@type\":\"PropertyValueSpecification\",\"valueRequired\":true,\"valueName\":\"search_term_string\"}}],\"inLanguage\":\"fr-FR\"}]}<\/script>\n<!-- \/ Yoast SEO plugin. -->","yoast_head_json":{"title":"Expositions - Le Monde d&#039;ICI","robots":{"index":"index","follow":"follow","max-snippet":"max-snippet:-1","max-image-preview":"max-image-preview:large","max-video-preview":"max-video-preview:-1"},"canonical":"https:\/\/www.lemonde-dici.com\/index.php\/les-expositions\/","og_locale":"fr_FR","og_type":"article","og_title":"Expositions - Le Monde d&#039;ICI","og_description":"Les expositions Sensible \u00e0 l\u2019univers artistique, c\u2019est avec grand plaisir que je vous propose de partager mes coups de c\u0153urs artistiques. &nbsp; Le salon accueillera r\u00e9guli\u00e8rement dans l\u2019ann\u00e9e, des expositions d'\u0153uvres artistiques. Je souhaite vous faire conna\u00eetre des artistes locaux, des \u0153uvres, ou des univers qui me touchent et m'interpellent. Avec l'envie de vous proposer [&hellip;]","og_url":"https:\/\/www.lemonde-dici.com\/index.php\/les-expositions\/","og_site_name":"Le Monde d&#039;ICI","article_modified_time":"2024-01-22T12:06:44+00:00","twitter_card":"summary_large_image","twitter_misc":{"Dur\u00e9e de lecture estim\u00e9e":"2 minutes"},"schema":{"@context":"https:\/\/schema.org","@graph":[{"@type":"WebPage","@id":"https:\/\/www.lemonde-dici.com\/index.php\/les-expositions\/","url":"https:\/\/www.lemonde-dici.com\/index.php\/les-expositions\/","name":"Expositions - Le Monde d&#039;ICI","isPartOf":{"@id":"https:\/\/www.lemonde-dici.com\/#website"},"datePublished":"2022-05-13T14:25:22+00:00","dateModified":"2024-01-22T12:06:44+00:00","breadcrumb":{"@id":"https:\/\/www.lemonde-dici.com\/index.php\/les-expositions\/#breadcrumb"},"inLanguage":"fr-FR","potentialAction":[{"@type":"ReadAction","target":["https:\/\/www.lemonde-dici.com\/index.php\/les-expositions\/"]}]},{"@type":"BreadcrumbList","@id":"https:\/\/www.lemonde-dici.com\/index.php\/les-expositions\/#breadcrumb","itemListElement":[{"@type":"ListItem","position":1,"name":"Accueil","item":"https:\/\/www.lemonde-dici.com\/"},{"@type":"ListItem","position":2,"name":"Expositions"}]},{"@type":"WebSite","@id":"https:\/\/www.lemonde-dici.com\/#website","url":"https:\/\/www.lemonde-dici.com\/","name":"Le Monde d&#039;ICI","description":"","potentialAction":[{"@type":"SearchAction","target":{"@type":"EntryPoint","urlTemplate":"https:\/\/www.lemonde-dici.com\/?s={search_term_string}"},"query-input":{"@type":"PropertyValueSpecification","valueRequired":true,"valueName":"search_term_string"}}],"inLanguage":"fr-FR"}]}},"_links":{"self":[{"href":"https:\/\/www.lemonde-dici.com\/index.php\/wp-json\/wp\/v2\/pages\/2281","targetHints":{"allow":["GET"]}}],"collection":[{"href":"https:\/\/www.lemonde-dici.com\/index.php\/wp-json\/wp\/v2\/pages"}],"about":[{"href":"https:\/\/www.lemonde-dici.com\/index.php\/wp-json\/wp\/v2\/types\/page"}],"author":[{"embeddable":true,"href":"https:\/\/www.lemonde-dici.com\/index.php\/wp-json\/wp\/v2\/users\/2"}],"replies":[{"embeddable":true,"href":"https:\/\/www.lemonde-dici.com\/index.php\/wp-json\/wp\/v2\/comments?post=2281"}],"version-history":[{"count":25,"href":"https:\/\/www.lemonde-dici.com\/index.php\/wp-json\/wp\/v2\/pages\/2281\/revisions"}],"predecessor-version":[{"id":2865,"href":"https:\/\/www.lemonde-dici.com\/index.php\/wp-json\/wp\/v2\/pages\/2281\/revisions\/2865"}],"wp:attachment":[{"href":"https:\/\/www.lemonde-dici.com\/index.php\/wp-json\/wp\/v2\/media?parent=2281"}],"curies":[{"name":"wp","href":"https:\/\/api.w.org\/{rel}","templated":true}]}}