{"id":1491,"date":"2021-10-08T17:04:15","date_gmt":"2021-10-08T15:04:15","guid":{"rendered":"https:\/\/www.lemonde-dici.com\/?page_id=1491"},"modified":"2025-12-03T10:10:10","modified_gmt":"2025-12-03T09:10:10","slug":"escapades-bien-etre","status":"publish","type":"page","link":"https:\/\/www.lemonde-dici.com\/index.php\/escapades-bien-etre\/","title":{"rendered":"Le d\u00e9roul\u00e9 des escapades bien-\u00eatre"},"content":{"rendered":"<div id=\"pl-1491\"  class=\"panel-layout\" ><div id=\"pg-1491-0\"  class=\"panel-grid panel-has-style\" ><div class=\"siteorigin-panels-stretch panel-row-style-full-width panel-row-style panel-row-style-for-1491-0\" style=\"background-color: #ffffff; \" data-stretch-type=\"full\" ><div id=\"pgc-1491-0-0\"  class=\"panel-grid-cell\" ><div id=\"panel-1491-0-0-0\" class=\"so-panel widget widget_sow-editor panel-first-child panel-last-child\" data-index=\"0\" ><div\n\t\t\t\n\t\t\tclass=\"so-widget-sow-editor so-widget-sow-editor-base\"\n\t\t\t\n\t\t>\n<div class=\"siteorigin-widget-tinymce textwidget\">\n\t<h1 style=\"text-align: center;\">Le d\u00e9roul\u00e9 des escapades bien-\u00eatre<\/h1>\n<p style=\"text-align: center;\"><strong><a href=\"https:\/\/calendly.com\/vdelahousse\/seance-bien-etre\" target=\"_blank\" rel=\"noopener\">RESERVER VOTRE S\u00c9ANCE<\/a><\/strong><\/p>\n<p style=\"text-align: center;\"><a href=\"https:\/\/www.lemonde-dici.com\/index.php\/cartes-cadeaux-noel\/#commandecarte\" target=\"_blank\" rel=\"noopener\">COMMANDER VOTRE CARTE CADEAU<\/a><\/p>\n<p>&nbsp;<\/p>\n<p>&nbsp;<\/p>\n<\/div>\n<\/div><\/div><\/div><\/div><\/div><div id=\"pg-1491-1\"  class=\"panel-grid panel-has-style\" ><div class=\"siteorigin-panels-stretch panel-row-style-full-width panel-row-style panel-row-style-for-1491-1\" style=\"background-color: #ffffff; \" data-stretch-type=\"full\" ><div id=\"pgc-1491-1-0\"  class=\"panel-grid-cell\" ><div id=\"panel-1491-1-0-0\" class=\"so-panel widget widget_sow-editor panel-first-child\" data-index=\"1\" ><div\n\t\t\t\n\t\t\tclass=\"so-widget-sow-editor so-widget-sow-editor-base\"\n\t\t\t\n\t\t>\n<div class=\"siteorigin-widget-tinymce textwidget\">\n\t<h2><\/h2>\n<h2 style=\"text-align: left;\">Des escapades bien-\u00eatre en deux temps<\/h2>\n<p>J\u2019ai choisi de vous proposer <strong>des escapades bien-\u00eatre en deux temps. <\/strong>Car mon souhait est de vous offrir une v\u00e9ritable<strong> bulle de d\u00e9tente,<\/strong> pour le corps, mais aussi pour l\u2019esprit.<\/p>\n<h3><\/h3>\n<h3>L'escapade sensorielle<\/h3>\n<p>Avant tout, profitez d\u2019une escapade sensorielle originale qui vous fera <strong>voyager autrement<\/strong>. Entrez dans un espace cocooning doux et chaleureux, <strong>baign\u00e9 de sons et d\u2019images<\/strong> choisis pour vous. <strong>Un bain de pied<\/strong> chaud ou rafraichissant vous y attend, pour rel\u00e2cher les tensions de la journ\u00e9e et d\u00e9connecter. Cette invitation au voyage est <strong>personnalis\u00e9e<\/strong> selon votre envie. Laissez-vous porter, vous n\u2019avez rien \u00e0 faire mais simplement \u00e0 profitez de ce moment imagin\u00e9 pour vous seule et vous d\u00e9tendre.<\/p>\n<p>&nbsp;<\/p>\n<p>Les escapades sensorielles se veulent <strong>ludiques, artistiques et oniriques<\/strong>. Principalement sur le th\u00e8me de la nature, elles \u00e9volueront au fil des saisons et de mon imagination. C'est pourquoi, \u00e0 chacune de vos visites, votre voyage sera diff\u00e9rent.<\/p>\n<p>&nbsp;<\/p>\n<h3>Le massage bien-\u00eatre<\/h3>\n<p>Puis, une fois que vous \u00eates pr\u00eate, vous recevez <strong>le massage bien-\u00eatre<\/strong> que vous avez choisi. Ce massage non-th\u00e9rapeutique, est un moment de relaxation. Il vous aidera \u00e0 l\u00e2cher prise, \u00e0 vous d\u00e9tendre en profondeur et \u00e0 vous reconnecter \u00e0 votre corps (<a href=\"https:\/\/www.lemonde-dici.com\/index.php\/votre-massage-bien-etre-sur-mesure-automne-hiver\/\" target=\"_blank\" rel=\"noopener\">voir les diff\u00e9rents massages bien-\u00eatre<\/a>).<\/p>\n<p>&nbsp;<\/p>\n<p>Pour finir, si vous le souhaitez, vous pouvez vous d\u00e9lasser dans la <strong>douche chromatique<\/strong> ou le <strong>bain bouillonnant<\/strong> et profiter d\u2019une boisson chaude pour cl\u00f4turer votre voyage.<\/p>\n<p>&nbsp;<\/p>\n<\/div>\n<\/div><\/div><div id=\"panel-1491-1-0-1\" class=\"so-panel widget widget_sow-editor\" data-index=\"2\" ><div\n\t\t\t\n\t\t\tclass=\"so-widget-sow-editor so-widget-sow-editor-base\"\n\t\t\t\n\t\t>\n<div class=\"siteorigin-widget-tinymce textwidget\">\n\t<h2 style=\"text-align: left;\">A qui s'adressent les escapades bien-\u00eatre<\/h2>\n<p>Les escapades bien-\u00eatre sont ouvertes \u00e0 <strong>toutes les femmes<\/strong> souhaitant profiter d\u2019un massage bien-\u00eatre et d\u00e9sireuses de d\u00e9couvrir le concept. Ouvert aux hommes sur recommandations. L\u2019approche sensorielle et artistique ne n\u00e9cessite aucune comp\u00e9tence. Il s\u2019agit simplement d\u2019une atmosph\u00e8re. Vous n\u2019aurez rien \u00e0 faire, si ce n\u2019est \u00eatre curieuse et vous laisser porter. Pour les personnes souhaitant venir \u00e0 plusieurs (m\u00e8re-fille, entre amies, couple), je vous invite \u00e0 me contacter afin d\u2019envisager une formule adapt\u00e9e.<\/p>\n<p>&nbsp;<\/p>\n<p>Cette escapade bien-\u00eatre se d\u00e9roule dans une atmosph\u00e8re chaleureuse et bienveillante pendant laquelle <strong>le salon de massage vous est enti\u00e8rement d\u00e9di\u00e9<\/strong>.<\/p>\n<p>&nbsp;<\/p>\n<\/div>\n<\/div><\/div><div id=\"panel-1491-1-0-2\" class=\"so-panel widget widget_sow-editor panel-last-child\" data-index=\"3\" ><div\n\t\t\t\n\t\t\tclass=\"so-widget-sow-editor so-widget-sow-editor-base\"\n\t\t\t\n\t\t>\n<div class=\"siteorigin-widget-tinymce textwidget\">\n\t<h2 style=\"text-align: left;\">Le salon \/ les tarifs<\/h2>\n<p>Pour en savoir plus concernant le salon de massage et le lieu, consulter la page<a href=\"https:\/\/www.lemonde-dici.com\/index.php\/salon-de-massage-bien-etre-a-la-campagne\/\"> \"le salon\".<\/a><\/p>\n<p>Le tarif des escapades varient selon le massage bien-\u00eatre choisi. D\u00e9couvrez les formules et tarifs sur la page <a href=\"https:\/\/www.lemonde-dici.com\/index.php\/votre-massage-bien-etre-sur-mesure-automne-hiver\/\" target=\"_blank\" rel=\"noopener\">\"les massages bien-\u00eatre\"<\/a>.<\/p>\n<\/div>\n<\/div><\/div><\/div><div id=\"pgc-1491-1-1\"  class=\"panel-grid-cell\" ><div id=\"panel-1491-1-1-0\" class=\"so-panel widget widget_sow-image panel-first-child panel-last-child\" data-index=\"4\" ><div\n\t\t\t\n\t\t\tclass=\"so-widget-sow-image so-widget-sow-image-default-8b5b6f678277-1491\"\n\t\t\t\n\t\t>\n<div class=\"sow-image-container\">\n\t\t<img \n\tsrc=\"https:\/\/www.lemonde-dici.com\/wp-content\/uploads\/2022\/05\/WhatsApp-Image-2022-05-06-at-17.54.56-Exposure.jpg\" width=\"1200\" height=\"1600\" srcset=\"https:\/\/www.lemonde-dici.com\/wp-content\/uploads\/2022\/05\/WhatsApp-Image-2022-05-06-at-17.54.56-Exposure.jpg 1200w, https:\/\/www.lemonde-dici.com\/wp-content\/uploads\/2022\/05\/WhatsApp-Image-2022-05-06-at-17.54.56-Exposure-225x300.jpg 225w, https:\/\/www.lemonde-dici.com\/wp-content\/uploads\/2022\/05\/WhatsApp-Image-2022-05-06-at-17.54.56-Exposure-768x1024.jpg 768w, https:\/\/www.lemonde-dici.com\/wp-content\/uploads\/2022\/05\/WhatsApp-Image-2022-05-06-at-17.54.56-Exposure-1152x1536.jpg 1152w\" sizes=\"(max-width: 1200px) 100vw, 1200px\" title=\"Espace cocooning et d\u00e9tente\" alt=\"D\u00e9coration nature pour l&#039;escapade sensorielle\" \t\tclass=\"so-widget-image\"\/>\n\t<\/div>\n\n<\/div><\/div><\/div><\/div><\/div><\/div>","protected":false},"excerpt":{"rendered":"<p>Le d\u00e9roul\u00e9 des escapades bien-\u00eatre RESERVER VOTRE S\u00c9ANCE COMMANDER VOTRE CARTE CADEAU &nbsp; &nbsp; Des escapades bien-\u00eatre en deux temps J\u2019ai choisi de vous proposer des escapades bien-\u00eatre en deux temps. Car mon souhait est de vous offrir une v\u00e9ritable bulle de d\u00e9tente, pour le corps, mais aussi pour l\u2019esprit. L&rsquo;escapade sensorielle Avant tout, profitez [&hellip;]<\/p>\n","protected":false},"author":2,"featured_media":0,"parent":0,"menu_order":0,"comment_status":"closed","ping_status":"closed","template":"","meta":{"_exactmetrics_skip_tracking":false,"_exactmetrics_sitenote_active":false,"_exactmetrics_sitenote_note":"","_exactmetrics_sitenote_category":0,"footnotes":""},"class_list":["post-1491","page","type-page","status-publish","hentry","post"],"yoast_head":"<!-- This site is optimized with the Yoast SEO plugin v26.4 - https:\/\/yoast.com\/wordpress\/plugins\/seo\/ -->\n<title>Le Monde d&#039;ICI - d\u00e9roul\u00e9 des escapades bien-\u00eatre<\/title>\n<meta name=\"description\" content=\"Des escapades bien-\u00eatre sur mesure comprenant un massage bien-\u00eatre et une relaxation sensorielle personnalis\u00e9e pour s&#039;\u00e9vader et se d\u00e9tendre\" \/>\n<meta name=\"robots\" content=\"index, follow, max-snippet:-1, max-image-preview:large, max-video-preview:-1\" \/>\n<link rel=\"canonical\" href=\"https:\/\/www.lemonde-dici.com\/index.php\/escapades-bien-etre\/\" \/>\n<meta property=\"og:locale\" content=\"fr_FR\" \/>\n<meta property=\"og:type\" content=\"article\" \/>\n<meta property=\"og:title\" content=\"Le Monde d&#039;ICI - d\u00e9roul\u00e9 des escapades bien-\u00eatre\" \/>\n<meta property=\"og:description\" content=\"Des escapades bien-\u00eatre sur mesure comprenant un massage bien-\u00eatre et une relaxation sensorielle personnalis\u00e9e pour s&#039;\u00e9vader et se d\u00e9tendre\" \/>\n<meta property=\"og:url\" content=\"https:\/\/www.lemonde-dici.com\/index.php\/escapades-bien-etre\/\" \/>\n<meta property=\"og:site_name\" content=\"Le Monde d&#039;ICI\" \/>\n<meta property=\"article:modified_time\" content=\"2025-12-03T09:10:10+00:00\" \/>\n<meta name=\"twitter:card\" content=\"summary_large_image\" \/>\n<meta name=\"twitter:label1\" content=\"Dur\u00e9e de lecture estim\u00e9e\" \/>\n\t<meta name=\"twitter:data1\" content=\"3 minutes\" \/>\n<script type=\"application\/ld+json\" class=\"yoast-schema-graph\">{\"@context\":\"https:\/\/schema.org\",\"@graph\":[{\"@type\":\"WebPage\",\"@id\":\"https:\/\/www.lemonde-dici.com\/index.php\/escapades-bien-etre\/\",\"url\":\"https:\/\/www.lemonde-dici.com\/index.php\/escapades-bien-etre\/\",\"name\":\"Le Monde d&#039;ICI - d\u00e9roul\u00e9 des escapades bien-\u00eatre\",\"isPartOf\":{\"@id\":\"https:\/\/www.lemonde-dici.com\/#website\"},\"datePublished\":\"2021-10-08T15:04:15+00:00\",\"dateModified\":\"2025-12-03T09:10:10+00:00\",\"description\":\"Des escapades bien-\u00eatre sur mesure comprenant un massage bien-\u00eatre et une relaxation sensorielle personnalis\u00e9e pour s'\u00e9vader et se d\u00e9tendre\",\"breadcrumb\":{\"@id\":\"https:\/\/www.lemonde-dici.com\/index.php\/escapades-bien-etre\/#breadcrumb\"},\"inLanguage\":\"fr-FR\",\"potentialAction\":[{\"@type\":\"ReadAction\",\"target\":[\"https:\/\/www.lemonde-dici.com\/index.php\/escapades-bien-etre\/\"]}]},{\"@type\":\"BreadcrumbList\",\"@id\":\"https:\/\/www.lemonde-dici.com\/index.php\/escapades-bien-etre\/#breadcrumb\",\"itemListElement\":[{\"@type\":\"ListItem\",\"position\":1,\"name\":\"Accueil\",\"item\":\"https:\/\/www.lemonde-dici.com\/\"},{\"@type\":\"ListItem\",\"position\":2,\"name\":\"Le d\u00e9roul\u00e9 des escapades bien-\u00eatre\"}]},{\"@type\":\"WebSite\",\"@id\":\"https:\/\/www.lemonde-dici.com\/#website\",\"url\":\"https:\/\/www.lemonde-dici.com\/\",\"name\":\"Le Monde d&#039;ICI\",\"description\":\"\",\"potentialAction\":[{\"@type\":\"SearchAction\",\"target\":{\"@type\":\"EntryPoint\",\"urlTemplate\":\"https:\/\/www.lemonde-dici.com\/?s={search_term_string}\"},\"query-input\":{\"@type\":\"PropertyValueSpecification\",\"valueRequired\":true,\"valueName\":\"search_term_string\"}}],\"inLanguage\":\"fr-FR\"}]}<\/script>\n<!-- \/ Yoast SEO plugin. -->","yoast_head_json":{"title":"Le Monde d&#039;ICI - d\u00e9roul\u00e9 des escapades bien-\u00eatre","description":"Des escapades bien-\u00eatre sur mesure comprenant un massage bien-\u00eatre et une relaxation sensorielle personnalis\u00e9e pour s'\u00e9vader et se d\u00e9tendre","robots":{"index":"index","follow":"follow","max-snippet":"max-snippet:-1","max-image-preview":"max-image-preview:large","max-video-preview":"max-video-preview:-1"},"canonical":"https:\/\/www.lemonde-dici.com\/index.php\/escapades-bien-etre\/","og_locale":"fr_FR","og_type":"article","og_title":"Le Monde d&#039;ICI - d\u00e9roul\u00e9 des escapades bien-\u00eatre","og_description":"Des escapades bien-\u00eatre sur mesure comprenant un massage bien-\u00eatre et une relaxation sensorielle personnalis\u00e9e pour s'\u00e9vader et se d\u00e9tendre","og_url":"https:\/\/www.lemonde-dici.com\/index.php\/escapades-bien-etre\/","og_site_name":"Le Monde d&#039;ICI","article_modified_time":"2025-12-03T09:10:10+00:00","twitter_card":"summary_large_image","twitter_misc":{"Dur\u00e9e de lecture estim\u00e9e":"3 minutes"},"schema":{"@context":"https:\/\/schema.org","@graph":[{"@type":"WebPage","@id":"https:\/\/www.lemonde-dici.com\/index.php\/escapades-bien-etre\/","url":"https:\/\/www.lemonde-dici.com\/index.php\/escapades-bien-etre\/","name":"Le Monde d&#039;ICI - d\u00e9roul\u00e9 des escapades bien-\u00eatre","isPartOf":{"@id":"https:\/\/www.lemonde-dici.com\/#website"},"datePublished":"2021-10-08T15:04:15+00:00","dateModified":"2025-12-03T09:10:10+00:00","description":"Des escapades bien-\u00eatre sur mesure comprenant un massage bien-\u00eatre et une relaxation sensorielle personnalis\u00e9e pour s'\u00e9vader et se d\u00e9tendre","breadcrumb":{"@id":"https:\/\/www.lemonde-dici.com\/index.php\/escapades-bien-etre\/#breadcrumb"},"inLanguage":"fr-FR","potentialAction":[{"@type":"ReadAction","target":["https:\/\/www.lemonde-dici.com\/index.php\/escapades-bien-etre\/"]}]},{"@type":"BreadcrumbList","@id":"https:\/\/www.lemonde-dici.com\/index.php\/escapades-bien-etre\/#breadcrumb","itemListElement":[{"@type":"ListItem","position":1,"name":"Accueil","item":"https:\/\/www.lemonde-dici.com\/"},{"@type":"ListItem","position":2,"name":"Le d\u00e9roul\u00e9 des escapades bien-\u00eatre"}]},{"@type":"WebSite","@id":"https:\/\/www.lemonde-dici.com\/#website","url":"https:\/\/www.lemonde-dici.com\/","name":"Le Monde d&#039;ICI","description":"","potentialAction":[{"@type":"SearchAction","target":{"@type":"EntryPoint","urlTemplate":"https:\/\/www.lemonde-dici.com\/?s={search_term_string}"},"query-input":{"@type":"PropertyValueSpecification","valueRequired":true,"valueName":"search_term_string"}}],"inLanguage":"fr-FR"}]}},"_links":{"self":[{"href":"https:\/\/www.lemonde-dici.com\/index.php\/wp-json\/wp\/v2\/pages\/1491","targetHints":{"allow":["GET"]}}],"collection":[{"href":"https:\/\/www.lemonde-dici.com\/index.php\/wp-json\/wp\/v2\/pages"}],"about":[{"href":"https:\/\/www.lemonde-dici.com\/index.php\/wp-json\/wp\/v2\/types\/page"}],"author":[{"embeddable":true,"href":"https:\/\/www.lemonde-dici.com\/index.php\/wp-json\/wp\/v2\/users\/2"}],"replies":[{"embeddable":true,"href":"https:\/\/www.lemonde-dici.com\/index.php\/wp-json\/wp\/v2\/comments?post=1491"}],"version-history":[{"count":98,"href":"https:\/\/www.lemonde-dici.com\/index.php\/wp-json\/wp\/v2\/pages\/1491\/revisions"}],"predecessor-version":[{"id":3506,"href":"https:\/\/www.lemonde-dici.com\/index.php\/wp-json\/wp\/v2\/pages\/1491\/revisions\/3506"}],"wp:attachment":[{"href":"https:\/\/www.lemonde-dici.com\/index.php\/wp-json\/wp\/v2\/media?parent=1491"}],"curies":[{"name":"wp","href":"https:\/\/api.w.org\/{rel}","templated":true}]}}